is the remainder when s(4) is divided by (-260)/(-52) - (-17)/((-1)/(-1))?
20
Let f = 3 - -7. What is the remainder when 37 is divided by f?
7
Suppose 2*s - 5*i + 18 = 0, -19 + 8 = s - 3*i. Let h = s + 12. Calculate the remainder when 38 is divided by h.
12
Calculate the remainder when -74*2/(-6 - -2) is divided by (0 + (-38 - 0))/(-2).
18
Suppose 0 = 2*h - 31 + 25. What is the remainder when 9 is divided by h?
0
Suppose -1 - 2 = -r. Suppose -p + 13 - r = 0. Let h = 13 - 7. Calculate the remainder when p is divided by h.
4
Calculate the remainder when 29 is divided by ((-17)/(-3))/(12/36).
12
Suppose c + 52 = 5*c. Let o(a) = 6*a + 151. Calculate the remainder when o(-21) is divided by c.
12
Suppose 5*q = -3*b - 60, 4*b - q + 2*q + 80 = 0. Let u be (-5)/7 - 6/21. What is the remainder when ((-4)/u)/((-2)/b) is divided by 14?
12
What is the remainder when ((165/12)/(-5))/((-6)/72) is divided by 9?
6
Let p(g) = g**3 - 2*g**2 + 5*g + 4. Let s be p(4). Suppose 3*h = -2*l - 2*h + s, 5*h = -10. Calculate the remainder when l is divided by 17.
16
Suppose -26 = -3*u + 2*l, 2*u = 2*l - 3 + 23. Calculate the remainder when 8 is divided by 3/u*8 - 1.
2
Let w = 14 + -12. Suppose -5 - 15 = -w*u. What is the remainder when 17 is divided by u?
7
Suppose 5*p - 133 = 2*d, 0 = -d - 4*d + 5. Let n = 14 + 0. What is the remainder when p is divided by n?
13
Suppose 2*n - 21 = 23. Let s = 151 - 86. What is the remainder when s is divided by n?
21
Let n(z) = -z - 4. Let j be n(-7). Suppose 3*b + 16 = 4*f, -b + j*b + 3 = -5*f. Let m = 3 - f. Calculate the remainder when 2 is divided by m.
0
Suppose 21*m - 267 = 195. Calculate the remainder when 25 is divided by m.
3
Let j(d) = -d + 9. Let a(v) = v. Let q(s) = -3*a(s) - j(s). Calculate the remainder when 9 is divided by q(-7).
4
Suppose 4*n - 160 = -n. Suppose 0 = c - z - 7, -5*c + n = z - 33. Suppose 3*i = 18 + 48. What is the remainder when i is divided by c?
10
Let r(s) = 5*s - 2. Let j(m) = m + 4. Let w be j(-2). What is the remainder when r(w) is divided by ((-3)/(-2))/(-3)*-6?
2
What is the remainder when 109*(8/2 - 1 - 2) is divided by 37?
35
What is the remainder when (-2)/8*50*-2 is divided by 7?
4
Suppose 9 = 3*v, 3*v + 89 + 55 = 3*z. What is the remainder when z is divided by 14?
9
Let a = 3 + -1. Suppose -2*p + 4*d + 12 = 0, -7*d = -2*d. Calculate the remainder when p is divided by a.
0
Suppose p + 898 = 5*x, -3*x - 6*p + 528 = -3*p. Let b = -109 + x. Calculate the remainder when b is divided by 18.
16
Let f(p) = 2*p**3 - 3*p**2 + 4*p - 7. Suppose j = -5 + 8. Calculate the remainder when 61 is divided by f(j).
29
Suppose 5*o - 275 = -5*q, -5*o - 2*q = -11 - 273. Calculate the remainder when o is divided by 15.
13
Let x(l) = 2*l - 2. Let b(s) = s**3 + 6*s**2 - 4*s - 7. Let o(d) = -5*d - 1. Let c be o(1). What is the remainder when b(c) is divided by x(4)?
5
Suppose -3*m + 3 = 5*j - 3, 5*m + 5*j = 10. Suppose -r + m*r = 9. What is the remainder when r is divided by 3?
0
Let y = 1 - -67. What is the remainder when y is divided by 14?
12
Let n(f) = -f + 29. Let k(b) = -b**3 + 6*b**2 + 8*b - 7. Let a be k(7). What is the remainder when n(a) is divided by 30/(-135) - 137/(-9)?
14
Let p(b) = b**3 + 9*b**2 + 7*b + 13. Let i be p(-8). Let q = i + -11. Calculate the remainder when 19 is divided by q.
9
Let g = 4 - 20. Let t = g + 34. Calculate the remainder when 35 is divided by t.
17
Suppose -2*r = 4 - 12. Let b = r - 0. Suppose 3*l + b*j = -30 + 74, -l + 15 = j. Calculate the remainder when 63 is divided by l.
15
Suppose -3*f = -15, l + 4*f = -3*l + 88. Let s = l - 9. Suppose 60 = 5*o - a, a = 3*o + 6*a - s. What is the remainder when 20 is divided by o?
9
Let n = 41 + -24. Suppose 0 = -0*r - 2*r + 4, 16 = 2*t + 4*r. Suppose 9 = t*y - 5*s, 2*s = -y + 9 + 3. Calculate the remainder when n is divided by y.
5
Suppose 5*d - 11 = -1, -4*c + 38 = -3*d. Suppose -4*t = -2*t - 2*b - 46, -2*t + 32 = 5*b. What is the remainder when t is divided by c?
10
Suppose 5*s = 242 + 93. Calculate the remainder when s is divided by 23.
21
Suppose -4*u + 86 = 2*t, 0 = 5*u - 4*t - 3 - 124. Let d = 2 + 4. What is the remainder when u is divided by d?
5
Suppose -2*v - 36 = 38. Let x = v - -55. What is the remainder when 53 is divided by x?
17
Suppose -2*q - 7 + 1 = 0. What is the remainder when 3 is divided by (-2)/(2*q/6)?
1
Suppose 5*g - 1 = 4. Let c(l) = l + 3 - 3*l + 0 + g. Calculate the remainder when c(-6) is divided by 6.
4
Suppose -5*k + 15 = -4*l, 3*k - 2*l = 3 + 6. Let t = 58 - k. Calculate the remainder when t is divided by 19.
17
Suppose 0 = -2*t + 3*t + 4*y - 6, -3*t = 3*y. Let h(x) = -x**3 + 3*x + 3. What is the remainder when 7 is divided by h(t)?
2
Let d = 42 - 1. Suppose 0 = g - 0*g - 3*p - 17, -d = -3*g - p. What is the remainder when 27 is divided by g?
13
Suppose 3*k = x - 74, 0 = 2*x + x + 3*k - 198. Let s = 5 + -8. Calculate the remainder when s/(-9) + x/3 is divided by 12.
11
Suppose -b - 2*r + 4*r = -12, 0 = -2*b - r + 24. Let x = 40 - 26. Suppose -2*i + 30 + x = 0. Calculate the remainder when i is divided by b.
10
Suppose -6*o + 3*o - 99 = 0. Let q = 46 + o. What is the remainder when q is divided by 5?
3
Let i = -7 + 16. What is the remainder when (12/18)/((-2)/(-105)) is divided by i?
8
Suppose -5*x + 2*x + 42 = h, 12 = 4*x. Calculate the remainder when h is divided by 12.
9
Let p = -11 - -16. Suppose 3*u + 38 = 5*u. What is the remainder when u is divided by p?
4
Let d(n) = n - 1. Let i be d(4). Suppose -2*b + i = -7. What is the remainder when (1 + 1 - -15)/(2/2) is divided by b?
2
Let o(d) = -2*d + d**2 + 3 - d + 0 + 6*d. What is the remainder when ((-55)/(-10))/((-2)/(-4)) is divided by o(-3)?
2
Let h(j) = j**3 - 5*j**2 + 5*j - 2. Let s be h(4). Suppose 2*k = -4*l + 14, s*k - l + 17 = 4*k. Calculate the remainder when (2 + 1)*(-17)/(-3) is divided by k.
8
Let b(f) = -f + 20. Calculate the remainder when b(-14) is divided by 19.
15
Suppose 0 = 4*b + b - 690. Suppose -2*l - b = -5*l. Suppose 27 + 21 = 3*a. Calculate the remainder when l is divided by a.
14
Let d = -32 - -56. What is the remainder when 47 is divided by (4/3)/(2/d)?
15
Let m = 14 + -3. What is the remainder when (1 - 0)*(m + 27) is divided by 10?
8
Calculate the remainder when 6 is divided by -10*1/2*-1.
1
Suppose 0 = 3*n - 5 - 1. Suppose c + 3*o + 12 = 0, -2*o = 5*c + 2*o + 16. Suppose c = n*s + 3*s - 50. Calculate the remainder when 18 is divided by s.
8
Suppose 4*q = -q + 20. Let a be 21/q + (-2)/8. Suppose 0 = -a*z + 59 + 36. Calculate the remainder when z is divided by 7.
5
What is the remainder when 40 is divided by 316/28 - (-6)/(-21)?
7
Suppose 0 = -5*b + s + 25, 5*b - 3*s = 44 - 19. Suppose -b*p = 4*z - 36, 0 = -0*z - 4*z - p + 52. What is the remainder when z is divided by (-44)/(-8) - 1/2?
4
Suppose -2*a - 2 - 4 = 0. What is the remainder when (a/(-6))/(1/44) is divided by 6?
4
Suppose -s + 4 = -0*s. Suppose -s*m + 28 = 4. Calculate the remainder when 16 is divided by m.
4
Let u = -114 - -161. Calculate the remainder when 92 is divided by u.
45
Let q(h) = -h - 4 + 0*h + 12*h. Let y be (1 - -2) + 0/(-4). Calculate the remainder when q(y) is divided by 10.
9
Let y(z) = 19*z - 1. Calculate the remainder when y(6) is divided by 19.
18
Suppose 0 = -2*r + 4, -2*r = 2*w - 11 - 3. Calculate the remainder when 35 is divided by w/(15/(-2))*-18.
11
Let m be ((-6)/(-4))/1*2. Suppose -2*q = -5*q + m. Let r(h) = -h**2 - 2*h. Calculate the remainder when r(-1) is divided by q.
0
Suppose -3*f + 18 = -12. Let p be (-116)/14 + f/35. Calculate the remainder when 54 is divided by p/6*(-42)/4.
12
Suppose 5*s - 330 = -3*l, -8 - 58 = -s - 4*l. Calculate the remainder when s is divided by 23.
20
Let l(s) = -s**3 - s**2 + 2*s - 1. Let x be (-2)/(-1)*(-33)/22. Calculate the remainder when 32 is divided by l(x).
10
Let x be (2 - (6 - -1))*-1. Suppose -l = -0*l - x. Calculate the remainder when l is divided by 2.
1
Let t = 55 + -39. Suppose -3*r + 2*w = 4*w + 86, -3*r - 3*w = 84. Let a = 76 + r. Calculate the remainder when a is divided by t.
14
What is the remainder when 53 is divided by 457/17 + -7*2/(-119)?
26
Let h be (-2 - -2) + -2 - -15. Let j = 18 - h. Calculate the remainder when 2 + 33/(-9)*-3 is divided by j.
3
Let g = -49 - -3. Let n = -20 - g. Ca